inder when 582301 is divided by 197.
166
What is the remainder when 11489574 is divided by 182374?
12
What is the remainder when 61385 is divided by 182?
51
Calculate the remainder when 516143 is divided by 26.
17
What is the remainder when 2240142 is divided by 1119956?
230
What is the remainder when 4523920 is divided by 65?
50
What is the remainder when 30048647 is divided by 3338737?
14
Calculate the remainder when 2633208 is divided by 3735.
33
Calculate the remainder when 142226 is divided by 31.
29
What is the remainder when 190851 is divided by 133?
129
What is the remainder when 831672686 is divided by 28?
26
What is the remainder when 13020038 is divided by 37?
34
What is the remainder when 1111549 is divided by 1669?
1664
Calculate the remainder when 949186 is divided by 949173.
13
What is the remainder when 3638349 is divided by 25801?
408
What is the remainder when 191767 is divided by 27392?
23
Calculate the remainder when 327926 is divided by 970.
66
What is the remainder when 49567998 is divided by 1280?
1278
What is the remainder when 180114 is divided by 89882?
350
What is the remainder when 100925 is divided by 2656?
2653
What is the remainder when 12245740 is divided by 259?
220
What is the remainder when 148005910 is divided by 756?
10
What is the remainder when 2466536 is divided by 31?
21
What is the remainder when 379644 is divided by 570?
24
Calculate the remainder when 46591 is divided by 20161.
6269
Calculate the remainder when 3642290 is divided by 1360.
210
What is the remainder when 1007458 is divided by 403?
361
What is the remainder when 35881 is divided by 8775?
781
What is the remainder when 547117 is divided by 39078?
25
Calculate the remainder when 34824 is divided by 34468.
356
What is the remainder when 17914221 is divided by 154?
17
What is the remainder when 31834723 is divided by 151?
148
Calculate the remainder when 177211 is divided by 106.
85
Calculate the remainder when 70190616 is divided by 31.
13
Calculate the remainder when 48521589 is divided by 6065194.
37
Calculate the remainder when 111872 is divided by 37112.
536
Calculate the remainder when 24600 is divided by 8188.
36
Calculate the remainder when 326801855 is divided by 743.
735
Calculate the remainder when 270023 is divided by 53979.
128
What is the remainder when 2250734 is divided by 1983?
29
Calculate the remainder when 2402725 is divided by 594.
589
What is the remainder when 6859073 is divided by 266?
263
Calculate the remainder when 40046612 is divided by 59950.
12
Calculate the remainder when 639094 is divided by 444.
178
Calculate the remainder when 2279967 is divided by 90.
87
What is the remainder when 115574 is divided by 4744?
1718
Calculate the remainder when 3331603 is divided by 3331600.
3
Calculate the remainder when 371303 is divided by 761.
696
What is the remainder when 72286137 is divided by 167329?
9
What is the remainder when 9943557 is divided by 648?
645
Calculate the remainder when 10086151 is divided by 480290.
61
Calculate the remainder when 20306616 is divided by 32.
24
Calculate the remainder when 19758000 is divided by 114872.
16
Calculate the remainder when 517927 is divided by 517867.
60
What is the remainder when 100437 is divided by 1619?
59
Calculate the remainder when 63264 is divided by 21005.
249
Calculate the remainder when 44128003 is divided by 66.
7
Calculate the remainder when 459058022 is divided by 81.
80
What is the remainder when 456658 is divided by 2946?
28
Calculate the remainder when 46622286 is divided by 4187.
41
Calculate the remainder when 80165 is divided by 417.
101
Calculate the remainder when 4823740 is divided by 77801.
78
What is the remainder when 29697979 is divided by 340?
339
Calculate the remainder when 959533 is divided by 958874.
659
Calculate the remainder when 9305 is divided by 121.
109
Calculate the remainder when 115886792 is divided by 153696.
8
What is the remainder when 120136 is divided by 82?
6
Calculate the remainder when 2873052 is divided by 347.
239
What is the remainder when 7663163 is divided by 16167?
5
What is the remainder when 2749679049 is divided by 137?
136
What is the remainder when 60580930 is divided by 188?
186
Calculate the remainder when 34300 is divided by 157.
74
Calculate the remainder when 474714 is divided by 16954.
2
What is the remainder when 671439 is divided by 67143?
9
Calculate the remainder when 1235745 is divided by 1110.
315
What is the remainder when 485269 is divided by 175?
169
What is the remainder when 80006073 is divided by 4113?
4110
What is the remainder when 2138827 is divided by 57806?
5
What is the remainder when 5498907 is divided by 299?
297
What is the remainder when 204082 is divided by 166?
68
What is the remainder when 280082476 is divided by 3541?
3540
Calculate the remainder when 20919075 is divided by 70.
65
What is the remainder when 277497 is divided by 1814?
1769
Calculate the remainder when 360323 is divided by 132.
95
Calculate the remainder when 9671 is divided by 2382.
143
Calculate the remainder when 19617456 is divided by 392349.
6
Calculate the remainder when 1238842 is divided by 45.
37
What is the remainder when 1174465 is divided by 2120?
2105
Calculate the remainder when 165012 is divided by 157.
5
What is the remainder when 4936207 is divided by 174?
1
What is the remainder when 1026 is divided by 503?
20
Calculate the remainder when 1737880 is divided by 156.
40
Calculate the remainder when 47150 is divided by 2244.
26
What is the remainder when 29376951 is divided by 3264100?
51
Calculate the remainder when 139023 is divided by 1879.
1856
Calculate the remainder when 11438 is divided by 4919.
1600
Calculate the remainder when 3215405 is divided by 20.
5
Calculate the remainder when 4339704 is divided by 17.
12
What is the remainder when 82745072 is divided by 1018?
1014
What is the remainder when 2292209 is divided by 336?
17
What is the remainder when 17986091 is divided by 138?
137
What is the remainder when 62415878 is divided by 246703?
19
Calculate the remainder when 1387566 is divided by 67.
63
Calculate the remainder when 6988926 is divided by 1798.
100
What is the remainder when 13163 is divided by 5202?
2759
What is the remainder when 324042 is divided by 162?
42
Calculate the remainder when 4210499 is divided by 105262.
19
What is the remainder when 1806468 is divided by 104?
92
What is the remainder when 61097722 is divided by 227?
218
What is the remainder when 108917 is divided by 10015?
8767
What is the remainder when 289511 is divided by 7051?
420
What is the remainder when 1477139 is divided by 184640?
19
Calculate the remainder when 2099086 is divided by 5704.
14
Calculate the remainder when 51118448 is divided by 4098.
4094
Calculate the remainder when 5992877 is divided by 11.
0
Calculate the remainder when 10342 is divided by 10295.
47
Calculate the remainder when 278789 is divided by 531.
14
Calculate the remainder when 121371 is divided by 120189.
1182
Calculate the remainder when 12322643 is divided by 47.
42
Calculate the remainder when 34338 is divided by 16497.
1344
Calculate the remainder when 77812818 is divided by 1220.
1218
Calculate the remainder when 1094122 is divided by 1094106.
16
What is the remainder when 17080952 is divided by 22?
20
What is the remainder when 213148 is divided by 1470?
1468
What is the remainder when 42642015 is divided by 2144?
2143
Calculate the remainder when 27386978 is divided by 146.
6
What is the remainder when 85600718 is divided by 76?
18
Calculate the remainder when 16851622 is divided by 34.
32
Calculate the remainder when 74887 is divided by 993.
412
What is the remainder when 3581619 is divided by 351?
15
What is the remainder when 1072957 is divided by 244?
89
Calculate the remainder when 646636 is divided by 646598.
38
What is the remainder when 1007596 is divided by 2399?
16
What is the remainder when 26488 is divided by 615?
43
Calculate the remainder when 614885 is divided by 1619.
1284
What is the remainder when 163998 is divided by 2415?
2193
Calculate the remainder when 2536396 is divided by 77.
16
What is the remainder when 273572540 is divided by 11?
10
What is the remainder when 2276819 is divided by 42?
41
C